he tens digit of g?
1
Let q be (10/3)/(44/(-66)). What is the units digit of 12/(-8) - q/10*1347?
2
Let c(w) = 58*w**2 - 113*w - 2756. What is the hundreds digit of c(-20)?
7
Suppose 384*b - 4*j = 389*b - 80236, 3*b = 2*j + 48124. What is the hundreds digit of b?
0
Let a be (-11)/(33/(-90))*4/10. Suppose -18*t + a*t = -24. Suppose -70 = -5*r + t*r. What is the tens digit of r?
7
Let o = 15 - -21. What is the hundreds digit of (-2439)/(-6)*o/27?
5
Let j(g) = 22*g + 85. Let n(s) = -s**2 + 23*s + 84. Let l(f) = 4*j(f) - 3*n(f). What is the tens digit of l(-12)?
9
Let u = -467 + 951. Suppose -u = -4*a + c, 17 = -4*c + 1. What is the units digit of a?
0
Let s = 40 + -35. Suppose 14 = 3*o - x, -s*x - 8 = o + 14. What is the units digit of (-4)/o*(-2 - -16)*-6?
2
Suppose -265 = 3*f - 49. Let g be -142 - (0 - 1) - -4. Let r = f - g. What is the units digit of r?
5
Suppose -2*a - 3 = -3*q - 9, -2*q = 2*a - 6. Suppose -a*s + 4295 = 4*g, 6*g - 4*s - 3240 = 3*g. What is the thousands digit of g?
1
Let z(d) = -2*d**3 + 8*d**2 - d - 15. Let p be z(7). Let w = 709 + p. What is the tens digit of w?
9
Let z(l) = l**3 + 5*l**2 + 7*l + 5. Let j be z(-2). Suppose o - j*o - w + 367 = 0, o + w - 183 = 0. What is the hundreds digit of o?
1
Let g(z) be the third derivative of z**6/60 - 5*z**4/12 + 7*z**3/6 - 29*z**2. Let p be g(6). Let y = p - 208. What is the hundreds digit of y?
1
Let s(q) = 25*q**2 - 14*q - 30. Suppose -94*n = -85*n + 36. What is the tens digit of s(n)?
2
Suppose 85*i - 71*i - 234641 + 55049 = 0. What is the units digit of i?
8
Suppose d = -j + 1405, 3*j - j + 3*d = 2808. Suppose -7*c + j = -1449. What is the units digit of c?
8
Let z(n) = -n**2 + 35*n - 81. Let p be z(44). Let j = p - -797. What is the units digit of j?
0
Let s = 32007 - 14224. What is the tens digit of s?
8
Let i = -11298 + 23936. What is the units digit of i?
8
Let p = -312 - -324. Suppose -p = 10*o - 14*o, -o = -x + 470. What is the tens digit of x?
7
Suppose 3*u = 2*z - 3314, -6*z = -3*z - 5*u - 4973. Suppose -z = -2*r + 3*y, -61*r + 62*r + 5*y = 793. What is the hundreds digit of r?
8
Let h = 29630 - -2057. What is the units digit of h?
7
What is the units digit of (24 - 23)/(2/14366)?
3
Let b(w) = 2*w**2 + 21*w + 2204. What is the units digit of b(0)?
4
Suppose 4328 = 4*j + 5*i - i, -5*i - 4319 = -4*j. Suppose -7*p + j - 73 = 0. What is the tens digit of p?
4
Let k(y) be the first derivative of y**3/3 - 10*y**2 + 14*y - 1. Let w be (-40)/6*(104 - 107). What is the units digit of k(w)?
4
What is the hundreds digit of (-7)/42 - (-2 + 655985/(-30))?
8
Suppose 136*s - 152*s + 428768 = 0. What is the tens digit of s?
9
Let z be (0/(-1))/2 + -71. Let h = -151 - z. What is the tens digit of (1 - 14/10) + (-16272)/h?
0
Let y(d) = -2*d**2 - 2*d + 6. Let u be y(-3). Let j be u/4 - ((-105)/(-2))/(-7). Suppose -c - j = -64. What is the tens digit of c?
5
Let m be ((-65)/26)/(0 + (-1)/(-2)). What is the units digit of (-3687)/(-18) + m/(-30)?
5
Suppose -25*s + 140 = 10*s. Suppose s*n - 3141 = -o, -o = -n - 3*o + 787. What is the tens digit of n?
8
Let j(f) = 2*f**3 - 10*f**2 - 12*f + 3. Let w be j(6). What is the tens digit of 72 + 1/w*15?
7
Let d = 19914 - -5192. What is the thousands digit of d?
5
Let z = 10780 - -60492. What is the units digit of z?
2
Let c(a) = 167*a - 362. What is the thousands digit of c(66)?
0
Suppose -2*i - 3*i = -15. Suppose -7*k = -i*k - 8. Suppose 3*u + x = 355, 1 + k = 3*x. What is the tens digit of u?
1
Suppose -304*c + 6992937 = -c. What is the ten thousands digit of c?
2
Let y = 31 - 28. Suppose 3*q + y*f + 6 = 0, 3*f + 6 = -0*q - 2*q. Suppose q*m - 2*m - 5*n = -10, -2*n = -3*m + 53. What is the units digit of m?
5
Suppose 8340*n - 8325*n = 94530. What is the tens digit of n?
0
Suppose 0 = 5*j - 25, a - 55*j - 36134 = -54*j. What is the ten thousands digit of a?
3
Suppose -12*x - x + 68536 = 0. What is the units digit of (-1 + -2)*(x/6)/(-4)?
9
Let p be (18/8)/(1/4). Let u(r) = -11*r**3 + 5*r**2 - 9. Let f(o) = 13*o**3 - 4*o**2 + 12. Let g(a) = 5*f(a) + 6*u(a). What is the units digit of g(p)?
7
Let z(g) = -1780*g**2 + 890*g**2 + 393 + 891*g**2 + 4*g. What is the hundreds digit of z(0)?
3
Let j = 33026 - 18760. What is the tens digit of j?
6
Let c = 922 - 863. Suppose c*i + 10218 = 72*i. What is the tens digit of i?
8
Suppose 0 = -4*r + 20, 0*c - 5*c = 4*r + 1345. Let o = 420 - c. What is the hundreds digit of 44/6*o/42?
1
Suppose -5*h = -212 + 32. Suppose 0 = -b - 8*b + h. Suppose -a - 374 = -b*s + 98, 0 = 3*s + 4*a - 335. What is the tens digit of s?
1
Suppose q = 2*p + 45458, -4*p + 3 = -9. What is the units digit of (-16)/(-40) - q/(-40)?
7
Let b(d) = 8*d**3 + 14*d**2 + 48*d - 245. What is the tens digit of b(7)?
2
Let x(h) = -h**3 + 25*h**2 + 48*h - 78. Let w(a) = 35*a + 164. Let v be w(-4). What is the units digit of x(v)?
0
Let m(w) = 5*w**3 - 2*w**2 + 3*w - 17. Let l be m(6). Suppose -120*v + l = -119*v. What is the hundreds digit of v?
0
Let n = 535 + -1888. Let k = -328 - n. What is the tens digit of k?
2
Let j(r) = -7*r + 81. Let t be j(11). Suppose t*z = -z + 1195. What is the tens digit of z?
3
Suppose 0 = -5*n - 2*u + 4802, -n - 1921 = -3*n - u. What is the tens digit of n?
6
Let p be (-2)/4*(-70 - -102). What is the hundreds digit of (-9696)/(-10) - (p/(-10) + -2)?
9
Suppose -11633 = 9*k - 205304. What is the units digit of k?
9
Suppose -5*b = x - 2*x - 26, -b = 2*x - 3. Suppose 0 = -141*l + 100*l + 2255. Let j = x + l. What is the units digit of j?
4
Let g = -120 + 122. What is the hundreds digit of (180*g)/(9/6)?
2
Let u be ((-1)/(-2))/(20/200) - 2. Suppose 1259 = u*i - 5*l, i - 149 = 5*l + 254. What is the units digit of i?
8
Let o(m) = m**2 - m - 1. Let i(a) = 11*a**2 + 4*a + 8. Let w(q) = i(q) + 6*o(q). Let l be w(-3). Suppose 0 = -7*r + 42 + l. What is the units digit of r?
9
What is the tens digit of (909/(-15))/(192/(-640))?
0
Suppose 5*q = k, 3*q - 5*k + 3*k + 7 = 0. What is the tens digit of q + -2 + 0 + 322 + 11?
3
Let j(i) = 18*i**2 - 32*i + 1. What is the thousands digit of j(-12)?
2
Suppose -42 = -2*r - 50. What is the tens digit of 7461/12 - 1/(0 + r)?
2
Suppose -f + 5 = -6*f, 9 = 3*t - 3*f. Suppose -12 + 0 = -t*w. Let q(l) = 4*l**2 - 3*l - 12. What is the units digit of q(w)?
4
Let c(z) be the third derivative of -z**7/210 - z**6/360 + 17*z**5/60 - z**2. Let j(s) be the third derivative of c(s). What is the tens digit of j(-2)?
4
Let d = 18182 - 11197. Suppose -d = -16*w - 201. Suppose -10*i - w = -2774. What is the hundreds digit of i?
2
Suppose 282*i - 493741 - 1267349 = 0. What is the tens digit of i?
4
Suppose 5*b - 224*p = -220*p + 141713, 40 = 5*p. What is the hundreds digit of b?
3
Let g = 5170 + -2197. What is the thousands digit of g?
2
Suppose q = 5*o - 8, 3*q + 42 = q - 3*o. What is the units digit of (q/(-8))/(27/6516)?
3
Let i be (39/(-15) - -4)*(267 - 2). Let y = i + 149. What is the units digit of y?
0
Suppose g + 3*h = 6*h + 15799, -3*g + 47369 = -2*h. What is the tens digit of g?
8
Let h(l) = 33*l**2 - 40*l + 248. What is the ten thousands digit of h(26)?
2
Let a(i) = -i**3 - 9*i**2 + 7*i - 23. Suppose -20 = -4*p + 6*p. What is the units digit of a(p)?
7
Let i(x) = -2*x - 2. Let r = -21 - -19. Let s be i(r). Suppose -125 = -5*n + 5*u, -n + s*n + 3*u = 5. What is the tens digit of n?
2
Suppose 3*d = -d, 0 = -5*v - 4*d + 7250. Let b(u) = 31*u - 1202. Let h be b(47). Suppose -11*q = -v - h. What is the units digit of q?
5
Let y(c) = 356*c + 14. What is the thousands digit of y(37)?
3
Let g(f) = 5*f**3 - 21*f**2 + 11*f - 97. Let w be g(10). Let h = w - 1733. What is the units digit of h?
0
Suppose 6*f - 27 - 87 = 0. Let d(n) = 9*n + 25. What is the units digit of d(f)?
6
Suppose 9*b - 78 = -213. What is the tens digit of b*(-20 - 5/1)?
7
Let v = -1285 - -455. Let h = v - -1607. What is the units digit of h?
7
Suppose -4*d - b = -15, -9 = 5*b + 16. Suppose d*x - 1185 = 3*u + 2*u, -x + 233 = u. What is the tens digit of x?
3
Let x be (4 + (-48)/10)*-1775. Suppose 10*z - x - 670 = 0. What is the hundreds digit of z?
2
Let l = -13509 + 24178. What is the thousands digit of l?
0
Let t be ((-12)/(-15) + -2)*(-225)/30. Let v(s) = -s - 11 + 3*s + 21 + 14. What is the units digit of v(t)?
2
Let n(h) = 33*h**3 + 14*h